{"id":199,"date":"2015-07-09T16:02:41","date_gmt":"2015-07-09T14:02:41","guid":{"rendered":"https:\/\/www.neter.pl\/wordpress\/?page_id=199"},"modified":"2022-07-01T12:46:57","modified_gmt":"2022-07-01T10:46:57","slug":"faq","status":"publish","type":"page","link":"https:\/\/neter.pl\/index.php\/faq\/","title":{"rendered":"FAQ"},"content":{"rendered":"<h2>FAQ &#8211; czyli najcz\u0119\u015bciej zadawane pytania<\/h2>\n<ol>\n<li><strong>Serwery DNS w sieci Neter<br \/>\n<\/strong>W naszej sieci dzia\u0142aj\u0105 serwery dns na nast\u0119puj\u0105cych adresach:<br \/>\ndns1.neter.pl IP: 193.203.206.1<br \/>\ndns2.neter.pl IP: 91.210.245.1<br \/>\nDNS anycastowy: 10.10.1.1 (aktualnie 4 serwery w r\u00f3\u017cnych lokalizacjach)<\/li>\n<li><strong>Czy mog\u0119 pod\u0142\u0105czy\u0107 dodatkowy komputer i ile to kosztuje?<br \/>\n<\/strong>S\u0105 dwie mo\u017cliwo\u015bci. Wszystkie nasze instalacje od 1 stycznia 2007 zako\u0144czone s\u0105 z\u0142\u0105czem RJ45. Mo\u017cna zatem po prostu kupi\u0107 (np. u nas) dowolny router, kt\u00f3ry obs\u0142uguje po\u0142\u0105czenia PPPoE na WANie i pod\u0142\u0105czy\u0107 reszt\u0119 komputer\u00f3w za pomoc\u0105 skr\u0119tki lub bezprzewodowo.<br \/>\nDruga opcja to&#8230; Pa\u0144stwo ju\u017c maj\u0105 router &#8211; na dachu. Je\u015bli komputer \u0142\u0105czy si\u0119 &#8222;automatycznie&#8221; z wykorzystaniem protoko\u0142u DHCP &#8211; to urz\u0105dzenie na dachu jest ju\u017c routerem, w takim wypadku wystarczy pod\u0142\u0105czy\u0107 switch (tani rozdzielacz) i reszt\u0119 komputer\u00f3w do niego. Mo\u017cna tak\u017ce pod\u0142\u0105czy\u0107 router &#8211; WAN &#8222;do dachu&#8221;, WAN ustawi\u0107 na DHCP.<\/li>\n<li><strong>Jaka jest r\u00f3\u017cnica mi\u0119dzy instalacj\u0105 indywidualn\u0105 a sieciow\u0105?<br \/>\n<\/strong>Instalacja wykonywana przez nasz\u0105 firm\u0119 pozwala na pod\u0142\u0105czenie dowolnego urz\u0105dzenia ze z\u0142\u0105czem RJ45 (komputera, routera, switcha) &#8211; urz\u0105dzenie dost\u0119powe znajduje si\u0119 poza komputerem. Jest to tzw. Access Point (punkt dost\u0119powy), kt\u00f3ry pracuje w trybie klienta (\u0142\u0105czy si\u0119 ze stacj\u0105 bazow\u0105). Po\u0142\u0105czenie mi\u0119dzy APC a komputerem wykonywane jest za pomoc\u0105 zwyk\u0142ej skr\u0119tki komputerowej, pod\u0142\u0105czanej do karty ethernetowej w komputerze. Instalacj\u0119 tak\u0105 bardzo \u0142atwo rozbudowa\u0107, by zapewni\u0107 dost\u0119p nast\u0119pnym komputerom, konsoli do gier, czy dekoderowi telewizji cyfrowej.<br \/>\nInstalacja sieciowa wykonywana jest &#8222;zbiorczo&#8221; dla ca\u0142ego budynku\/bloku z doprowadzeniem sygna\u0142u \u015bwiat\u0142owodem lub odpowiednio wydajn\u0105 radiolini\u0105. Rozprowadzenie sygna\u0142u IP odbywa si\u0119 za pomoc\u0105 switchy zainstalowanych poza lokalami Abonent\u00f3w.<\/li>\n<li><strong>Czy jest mo\u017cliwe za\u0142o\u017cenie konta pocztowego na waszym serwerze?<br \/>\n<\/strong>Tak, ka\u017cdy Abonent otrzymuje mo\u017cliwo\u015b\u0107 samodzielnego za\u0142o\u017cenia do 10 kont pocztowych na naszym serwerze. Mo\u017cna to zrobi\u0107 po zalogowaniu do <a class=\"external\" href=\"http:\/\/www.neter.pl\/ebok\">www.neter.pl\/ebok<\/a>. Pojemno\u015b\u0107 takiego konta ustawiona jest na 50Mb.<\/li>\n<li><strong>Czy mog\u0119 mie\u0107 w ramach konta stron\u0119 www?<br \/>\n<\/strong>Tak, stron\u0119 niekomercyjn\u0105 mo\u017cna umie\u015bci\u0107 bezp\u0142atnie. Za\u0142o\u017cona strona to serwer wirtualny (to znaczy, \u017ce na jednym serwerze zainstalowanych jest wiele domen). Adres strony b\u0119dzie wygl\u0105da\u0142 mniej wi\u0119cej tak: www.twoja_strona.neter.pl (informacje jakie domeny s\u0105 dost\u0119pne mo\u017cna uzyska\u0107 w pkt.7)<\/li>\n<li><strong>Potrzebuj\u0119 w ramach strony www uruchamia\u0107 skrypty, mie\u0107 baz\u0119 MySQL<br \/>\n<\/strong>Strona niekomercyjna mo\u017ce u\u017cywa\u0107 bazy plikowej mySQL lite. Je\u015bli potrzebuj\u0105 Pa\u0144stwo serwera mySQL (lub innego: Postgres, firebird) to prosimy o kontakt. Cena takiej us\u0142ugi wyniesie nie wi\u0119cej ni\u017c 100z\u0142 na rok.<\/li>\n<li><strong>Nie podoba mi si\u0119 neter.pl przed moj\u0105 stron\u0105. Jakie s\u0105 inne mo\u017cliwo\u015bci?<br \/>\n<\/strong>Mo\u017cna wybra\u0107 z:<\/p>\n<ul>\n<li>napisz.net<\/li>\n<li>suchylas.net<\/li>\n<li>przezmierowo.net<\/li>\n<li>1mv.pl<\/li>\n<li>sos24h.pl<\/li>\n<li>poznaniak.com<br \/>\nTakie domeny s\u0105 w tej chwili dost\u0119pne.<\/li>\n<\/ul>\n<\/li>\n<li><strong>Serwer wirtualny &#8211; co to takiego?<br \/>\n<\/strong>Po pierwsze jest to adres, kt\u00f3ry jest widoczny w DNS&#8217;ie. Daje to mo\u017cliwo\u015b\u0107 zainstalowania strony w postaci www.twoja_strona.neter.pl. Po drugie daje to mo\u017cliwo\u015b\u0107 uruchomienia kont email w tej domenie (np. biuro@twoja_strona.suchylas.net). Po trzecie dost\u0119pne s\u0105 logi odwiedzin strony.<\/li>\n<li><strong>Czy dost\u0119pne s\u0105 statystyki odwiedzin mojej strony?<br \/>\n<\/strong>Tak, ale tylko dla opcji <em>serwer wirtulany<\/em><\/li>\n<li><strong>Co to jest &#8222;terminal abonencki&#8221;?<br \/>\n<\/strong>Jest to ka\u017cde urz\u0105dzenie, kt\u00f3re jest podpi\u0119te bezpo\u015brednio do naszej sieci i posiada przypisany adres IP, bez kt\u00f3rego nie mo\u017ce mie\u0107 dost\u0119pu do internetu. Tak wi\u0119c terminalem abonenckim jest komputer lub router ukrywaj\u0105cy sie\u0107 Klienta.<\/li>\n<li><strong>Jaki musz\u0119 mie\u0107 komputer, by dzia\u0142a\u0142 na nim internet?<br \/>\n<\/strong>Praktycznie ka\u017cdy komputer, nawet 5-6 letni b\u0119dzie dobrze obs\u0142ugiwa\u0142 internet. W niekt\u00f3rych przypadkach mo\u017ce by\u0107 konieczna instalacja karty ethernet wewn\u0105trz komputera, gdy\u017c niekt\u00f3re karty sieciowe zainstalowane na p\u0142ycie g\u0142\u00f3wnej nie wsp\u00f3\u0142pracuj\u0105 prawid\u0142owo z naszym sprz\u0119tem (jest to tak\u017ce niew\u0105tpliwie podstawa do reklamacji, je\u015bli komputer jest na gwarancji).<\/li>\n<li><strong>Czy s\u0105 jakie\u015b limity \u015bci\u0105ganych danych?<br \/>\n<\/strong><strong>NIE,<\/strong> nie ma takich. Ile \u015bci\u0105gniesz &#8211; to Twoje \ud83d\ude09<\/li>\n<li><strong>Czy blokowane s\u0105 porty p2p?<br \/>\n<\/strong><strong>NIE,<\/strong> nie s\u0105 blokowane \u017cadne porty. Stosujemy system priorytetowania port\u00f3w &#8211; tak by www, poczta nie by\u0142y &#8222;zalane&#8221; p2p, ale nie wycinamy \u017cadnych port\u00f3w!<\/li>\n<li><strong>Czy moje IP jest publiczne?<br \/>\n<\/strong><strong>Tak,<\/strong> standardowo wszystkim Klientom przyznajemy tzw. publiczny adres IP.<br \/>\nJednak nie oznacza to, \u017ce komputer taki jest bezpo\u015brednio widoczny w internecie. Zwykle adres ten jest zaterminowany na urz\u0105dzeniu CPE na dachu lub routerze Klienta.<\/li>\n<li><strong>Co to jest PPPoE ?<br \/>\n<\/strong>Jest to protok\u00f3\u0142, za pomoc\u0105 kt\u00f3rego w naszej sieci jest realizowany dost\u0119p do internetu. Ka\u017cdy Abonent posiada indywidualny login i has\u0142o i dopiero po podaniu poprawnego kompletu uzyskuje dost\u0119p do sieci. Dzi\u0119ki takiemu rozwi\u0105zaniu my nie mamy kradzie\u017cy \u0142\u0105cza, a nasi Abonenci nie maj\u0105 komunikat\u00f3w &#8222;Wyst\u0105pi\u0142 konflikt adres\u00f3w IP&#8221;.<\/li>\n<\/ol>\n","protected":false},"excerpt":{"rendered":"<p>FAQ &#8211; czyli najcz\u0119\u015bciej zadawane pytania Serwery DNS w sieci Neter W naszej sieci dzia\u0142aj\u0105 serwery dns na nast\u0119puj\u0105cych adresach: dns1.neter.pl IP: 193.203.206.1 dns2.neter.pl IP: 91.210.245.1 DNS anycastowy: 10.10.1.1 (aktualnie 4 serwery w r\u00f3\u017cnych lokalizacjach) Czy mog\u0119 pod\u0142\u0105czy\u0107 dodatkowy komputer i ile to kosztuje? S\u0105 dwie mo\u017cliwo\u015bci. Wszystkie nasze instalacje od 1 stycznia 2007 zako\u0144czone [&hellip;]<\/p>\n","protected":false},"author":1,"featured_media":0,"parent":0,"menu_order":0,"comment_status":"closed","ping_status":"closed","template":"","meta":[],"_links":{"self":[{"href":"https:\/\/neter.pl\/index.php\/wp-json\/wp\/v2\/pages\/199"}],"collection":[{"href":"https:\/\/neter.pl\/index.php\/wp-json\/wp\/v2\/pages"}],"about":[{"href":"https:\/\/neter.pl\/index.php\/wp-json\/wp\/v2\/types\/page"}],"author":[{"embeddable":true,"href":"https:\/\/neter.pl\/index.php\/wp-json\/wp\/v2\/users\/1"}],"replies":[{"embeddable":true,"href":"https:\/\/neter.pl\/index.php\/wp-json\/wp\/v2\/comments?post=199"}],"version-history":[{"count":29,"href":"https:\/\/neter.pl\/index.php\/wp-json\/wp\/v2\/pages\/199\/revisions"}],"predecessor-version":[{"id":1134,"href":"https:\/\/neter.pl\/index.php\/wp-json\/wp\/v2\/pages\/199\/revisions\/1134"}],"wp:attachment":[{"href":"https:\/\/neter.pl\/index.php\/wp-json\/wp\/v2\/media?parent=199"}],"curies":[{"name":"wp","href":"https:\/\/api.w.org\/{rel}","templated":true}]}}