{"id":605,"date":"2017-05-26T13:46:11","date_gmt":"2017-05-26T11:46:11","guid":{"rendered":"https:\/\/www.neter.pl\/?page_id=605"},"modified":"2020-03-19T03:12:39","modified_gmt":"2020-03-19T02:12:39","slug":"home-page","status":"publish","type":"page","link":"https:\/\/neter.pl\/","title":{"rendered":"Home Page"},"content":{"rendered":"<div id=\"pl-605\"  class=\"panel-layout\" ><div id=\"pg-605-0\"  class=\"panel-grid panel-no-style\" ><div id=\"pgc-605-0-0\"  class=\"panel-grid-cell\" ><div id=\"panel-605-0-0-0\" class=\"so-panel widget widget_circleicon-widget panel-first-child panel-last-child\" data-index=\"0\" >\t\t<div class=\"circle-icon-box circle-icon-position-top circle-icon-hide-box circle-icon-size-small \">\n\t\t\t\t\t\t\t<div class=\"circle-icon-wrapper\">\n\t\t\t\t\t\t\t\t\t\t<a href=\"\/index.php\/dom-4\" class=\"link-icon\" >\t\t\t\t\t<div class=\"circle-icon icon-style-set\" style=\"background-color: #1e73be\">\n\t\t\t\t\t\t\t\t\t\t\t\t\t<div class=\"fa fa-tablet\" ><\/div>\n\t\t\t\t\t\t\t\t\t\t\t<\/div> \n\t\t\t\t\t<\/a>\t\t\t\t<\/div>\n\t\t\t\n\t\t\t\t\t\t\t<a href=\"\/index.php\/dom-4\" class=\"link-title\" >\n\t\t\t\t\t\t\t\t\t\t<h4 >\n\t\t\t\t\tINTERNET\t\t\t\t<\/h4>\n\t\t\t\t\t\t\t\t\t\t<\/a>\n\t\t\t\n\t\t\t\t\t\t\t<p class=\"text\" >Oferta Internetu<\/p>\n\t\t\t\t\t\t\t\t\t\t<a href=\"\/index.php\/dom-4\" class=\"more-button\" >Oferta <i><\/i><\/a>\n\t\t\t\t\t<\/div>\n\t\t<\/div><\/div><div id=\"pgc-605-0-1\"  class=\"panel-grid-cell\" ><div id=\"panel-605-0-1-0\" class=\"so-panel widget widget_circleicon-widget panel-first-child panel-last-child\" data-index=\"1\" >\t\t<div class=\"circle-icon-box circle-icon-position-top circle-icon-hide-box circle-icon-size-small \">\n\t\t\t\t\t\t\t<div class=\"circle-icon-wrapper\">\n\t\t\t\t\t\t\t\t\t\t<a href=\"\/index.php\/telewizja\" class=\"link-icon\" >\t\t\t\t\t<div class=\"circle-icon\" >\n\t\t\t\t\t\t\t\t\t\t\t\t\t<div class=\"fa fa-television\" ><\/div>\n\t\t\t\t\t\t\t\t\t\t\t<\/div> \n\t\t\t\t\t<\/a>\t\t\t\t<\/div>\n\t\t\t\n\t\t\t\t\t\t\t<a href=\"\/index.php\/telewizja\" class=\"link-title\" >\n\t\t\t\t\t\t\t\t\t\t<h4 >\n\t\t\t\t\tTELEWIZJA\t\t\t\t<\/h4>\n\t\t\t\t\t\t\t\t\t\t<\/a>\n\t\t\t\n\t\t\t\t\t\t\t<p class=\"text\" >Oferta Telewizji \u015awiat\u0142owodowej<\/p>\n\t\t\t\t\t\t\t\t\t\t<a href=\"\/index.php\/telewizja\" class=\"more-button\" >Oferta <i><\/i><\/a>\n\t\t\t\t\t<\/div>\n\t\t<\/div><\/div><div id=\"pgc-605-0-2\"  class=\"panel-grid-cell\" ><div id=\"panel-605-0-2-0\" class=\"so-panel widget widget_circleicon-widget panel-first-child panel-last-child\" data-index=\"2\" >\t\t<div class=\"circle-icon-box circle-icon-position-top circle-icon-hide-box circle-icon-size-small \">\n\t\t\t\t\t\t\t<div class=\"circle-icon-wrapper\">\n\t\t\t\t\t\t\t\t\t\t<a href=\"\/index.php\/pakietytv\" class=\"link-icon\" >\t\t\t\t\t<div class=\"circle-icon\" >\n\t\t\t\t\t\t\t\t\t\t\t\t\t<div class=\"fa fa-television\" ><\/div>\n\t\t\t\t\t\t\t\t\t\t\t<\/div> \n\t\t\t\t\t<\/a>\t\t\t\t<\/div>\n\t\t\t\n\t\t\t\t\t\t\t<a href=\"\/index.php\/pakietytv\" class=\"link-title\" >\n\t\t\t\t\t\t\t\t\t\t<h4 >\n\t\t\t\t\tTELEWIZJA + INTERNET\t\t\t\t<\/h4>\n\t\t\t\t\t\t\t\t\t\t<\/a>\n\t\t\t\n\t\t\t\t\t\t\t<p class=\"text\" >Pakiety Telewizja + Internet<\/p>\n\t\t\t\t\t\t\t\t\t\t<a href=\"\/index.php\/pakietytv\" class=\"more-button\" >Oferta <i><\/i><\/a>\n\t\t\t\t\t<\/div>\n\t\t<\/div><\/div><div id=\"pgc-605-0-3\"  class=\"panel-grid-cell\" ><div id=\"panel-605-0-3-0\" class=\"so-panel widget widget_circleicon-widget panel-first-child panel-last-child\" data-index=\"3\" >\t\t<div class=\"circle-icon-box circle-icon-position-top circle-icon-hide-box circle-icon-size-small \">\n\t\t\t\t\t\t\t<div class=\"circle-icon-wrapper\">\n\t\t\t\t\t\t\t\t\t\t<a href=\"\/index.php\/firma\" class=\"link-icon\" >\t\t\t\t\t<div class=\"circle-icon\" >\n\t\t\t\t\t\t\t\t\t\t\t\t\t<div class=\"fa fa-file-code-o\" ><\/div>\n\t\t\t\t\t\t\t\t\t\t\t<\/div> \n\t\t\t\t\t<\/a>\t\t\t\t<\/div>\n\t\t\t\n\t\t\t\t\t\t\t<a href=\"\/index.php\/firma\" class=\"link-title\" >\n\t\t\t\t\t\t\t\t\t\t<h4 >\n\t\t\t\t\tOFERTA DLA FIRM\t\t\t\t<\/h4>\n\t\t\t\t\t\t\t\t\t\t<\/a>\n\t\t\t\n\t\t\t\t\t\t\t<p class=\"text\" >Specjalna oferta dla Firm<\/p>\n\t\t\t\t\t\t\t\t\t\t<a href=\"\/index.php\/firma\" class=\"more-button\" >Oferta <i><\/i><\/a>\n\t\t\t\t\t<\/div>\n\t\t<\/div><\/div><\/div><div id=\"pg-605-1\"  class=\"panel-grid panel-has-style\" ><div class=\"wide-grey panel-row-style panel-row-style-for-605-1\" ><div id=\"pgc-605-1-0\"  class=\"panel-grid-cell\" ><div id=\"panel-605-1-0-0\" class=\"so-panel widget widget_headline-widget panel-first-child panel-last-child\" data-index=\"4\" >\t\t<h1>Internet \u015awiat\u0142owodowy oraz Radiowy - Telewizja \u015awiat\u0142owodowa w Twoim zasi\u0119gu<\/h1>\n\t\t<div class=\"decoration\"><div class=\"decoration-inside\"><\/div><\/div>\n\t\t<h3>IT-Networks Sp. z o.o. oferuje dost\u0119p do internetu w technologii \u015awiat\u0142owodowej i Radiowej w wielu lokalizacjach w Poznaniu, Luboniu, Szamotu\u0142ach oraz gminie Suchy Las.<\/h3>\n\t\t<\/div><\/div><\/div><\/div><div id=\"pg-605-2\"  class=\"panel-grid panel-no-style\" ><div id=\"pgc-605-2-0\"  class=\"panel-grid-cell\" ><div id=\"panel-605-2-0-0\" class=\"so-panel widget widget_siteorigin-panels-postloop panel-first-child panel-last-child\" data-index=\"5\" ><h3 class=\"widget-title\">Ostanie wpisy<\/h3>\n\t<div id=\"vantage-circleicon-loop\" class=\"vantage-circleicon-loop circleicon-loop-columns-3\">\n\n\t\t<div class=\"widget widget_circleicon-widget\">\t\t<div class=\"circle-icon-box circle-icon-position-top circle-icon-hide-box circle-icon-size-small \">\n\t\t\t\t\t\t\t<div class=\"circle-icon-wrapper\">\n\t\t\t\t\t\t\t\t\t\t<a href=\"https:\/\/neter.pl\/index.php\/2025\/11\/30\/zmiana-serwera-pocztowego\/\" class=\"link-icon\" >\t\t\t\t\t<div class=\"circle-icon\" >\n\t\t\t\t\t\t\t\t\t\t\t<\/div> \n\t\t\t\t\t<\/a>\t\t\t\t<\/div>\n\t\t\t\n\t\t\t\t\t\t\t<a href=\"https:\/\/neter.pl\/index.php\/2025\/11\/30\/zmiana-serwera-pocztowego\/\" class=\"link-title\" >\n\t\t\t\t\t\t\t\t\t\t<h4 >\n\t\t\t\t\tZmiana serwera pocztowego\t\t\t\t<\/h4>\n\t\t\t\t\t\t\t\t\t\t<\/a>\n\t\t\t\n\t\t\t\t\t\t\t<p class=\"text\" >Po 13 latach pracy zosta\u0142 wymieniony serwer pocztowy z poczciwego debiana 6.0 na najnowszy 13. Zmianie ulegaj\u0105 zwi\u0105zku z tym ustawienia poczty. Nowy serwer obs\u0142uguje szyfrowanie po\u0142\u0105cze\u0144 (STARTTLS) w zwi\u0105zku z czym prosz\u0119 o aktualizacj\u0119 nazwy serwera na aurora.sky24.pl &#8211; by nazwa by\u0142a zgodna z certyfikatem let&#8217;s encrypt. Oczywi\u015bcie prosz\u0119 ustwi\u0107 w po\u0142\u0105czeniach&nbsp; STARTTLS jako [&hellip;]<\/p>\n\t\t\t\t\t\t\t\t\t\t<a href=\"https:\/\/neter.pl\/index.php\/2025\/11\/30\/zmiana-serwera-pocztowego\/\" class=\"more-button\" >Czytaj dalej <i><\/i><\/a>\n\t\t\t\t\t<\/div>\n\t\t<\/div><div class=\"widget widget_circleicon-widget\">\t\t<div class=\"circle-icon-box circle-icon-position-top circle-icon-hide-box circle-icon-size-small \">\n\t\t\t\t\t\t\t<div class=\"circle-icon-wrapper\">\n\t\t\t\t\t\t\t\t\t\t<a href=\"https:\/\/neter.pl\/index.php\/2020\/06\/24\/nowa-promocja-telewizji-swiatlowodowej\/\" class=\"link-icon\" >\t\t\t\t\t<div class=\"circle-icon\" >\n\t\t\t\t\t\t\t\t\t\t\t<\/div> \n\t\t\t\t\t<\/a>\t\t\t\t<\/div>\n\t\t\t\n\t\t\t\t\t\t\t<a href=\"https:\/\/neter.pl\/index.php\/2020\/06\/24\/nowa-promocja-telewizji-swiatlowodowej\/\" class=\"link-title\" >\n\t\t\t\t\t\t\t\t\t\t<h4 >\n\t\t\t\t\tNowa promocja Telewizji \u015awiat\u0142owodowej !!!\t\t\t\t<\/h4>\n\t\t\t\t\t\t\t\t\t\t<\/a>\n\t\t\t\n\t\t\t\t\t\t\t<p class=\"text\" >Zobacz nasz\u0105 now\u0105 promocj\u0119 Telewizji \u015awiat\u0142owodowej !!! W najnowszej ods\u0142onie TV\u015a dla nowych Klient\u00f3w zyskujesz do 1 abonamentu gratis.\u00a0CANAL+ jest ju\u017c dost\u0119pny od pakietu SMART do 2 miesi\u0119cy gratis. Dodatkowo otrzymasz us\u0142ug\u0119 TV GO do 6 miesi\u0119cy\u00a0 gratis !!! Zadzwo\u0144 do nas i dowiedz si\u0119 wi\u0119cej !!!<\/p>\n\t\t\t\t\t\t\t\t\t\t<a href=\"https:\/\/neter.pl\/index.php\/2020\/06\/24\/nowa-promocja-telewizji-swiatlowodowej\/\" class=\"more-button\" >Czytaj dalej <i><\/i><\/a>\n\t\t\t\t\t<\/div>\n\t\t<\/div><div class=\"widget widget_circleicon-widget\">\t\t<div class=\"circle-icon-box circle-icon-position-top circle-icon-hide-box circle-icon-size-small \">\n\t\t\t\t\t\t\t<div class=\"circle-icon-wrapper\">\n\t\t\t\t\t\t\t\t\t\t<a href=\"https:\/\/neter.pl\/index.php\/2020\/04\/30\/otwarte-okno-programowe-canaldokument-w-tvs-od-01-05-do-31-05\/\" class=\"link-icon\" >\t\t\t\t\t<div class=\"circle-icon\" >\n\t\t\t\t\t\t\t\t\t\t\t<\/div> \n\t\t\t\t\t<\/a>\t\t\t\t<\/div>\n\t\t\t\n\t\t\t\t\t\t\t<a href=\"https:\/\/neter.pl\/index.php\/2020\/04\/30\/otwarte-okno-programowe-canaldokument-w-tvs-od-01-05-do-31-05\/\" class=\"link-title\" >\n\t\t\t\t\t\t\t\t\t\t<h4 >\n\t\t\t\t\tOtwarte okno programowe CANAL+ DOKUMENT w TV\u015a od 01.05 do 31.05 !!!\t\t\t\t<\/h4>\n\t\t\t\t\t\t\t\t\t\t<\/a>\n\t\t\t\n\t\t\t\t\t\t\t<p class=\"text\" >Szanowni Pa\u0144stwo, Mi\u0142o nam poinformowa\u0107, i\u017c przez ca\u0142y maj, kana\u0142 CANAL+ DOKUMENT b\u0119dzie odkodowany dla wszystkich abonent\u00f3w Telewizji \u015awiat\u0142owodowej !!! (dotyczy wszystkich abonent\u00f3w TV\u015a, bez wzgl\u0119du na posiadany pakiet) \u017byczymy przyjemnego ogl\u0105dania&#8230;<\/p>\n\t\t\t\t\t\t\t\t\t\t<a href=\"https:\/\/neter.pl\/index.php\/2020\/04\/30\/otwarte-okno-programowe-canaldokument-w-tvs-od-01-05-do-31-05\/\" class=\"more-button\" >Czytaj dalej <i><\/i><\/a>\n\t\t\t\t\t<\/div>\n\t\t<\/div><div class=\"clear\"><\/div><div class=\"widget widget_circleicon-widget\">\t\t<div class=\"circle-icon-box circle-icon-position-top circle-icon-hide-box circle-icon-size-small \">\n\t\t\t\t\t\t\t<div class=\"circle-icon-wrapper\">\n\t\t\t\t\t\t\t\t\t\t<a href=\"https:\/\/neter.pl\/index.php\/2020\/03\/19\/otwarte-okno-programowe-od-16-03-do-29-03\/\" class=\"link-icon\" >\t\t\t\t\t<div class=\"circle-icon\" >\n\t\t\t\t\t\t\t\t\t\t\t<\/div> \n\t\t\t\t\t<\/a>\t\t\t\t<\/div>\n\t\t\t\n\t\t\t\t\t\t\t<a href=\"https:\/\/neter.pl\/index.php\/2020\/03\/19\/otwarte-okno-programowe-od-16-03-do-29-03\/\" class=\"link-title\" >\n\t\t\t\t\t\t\t\t\t\t<h4 >\n\t\t\t\t\tOtwarte okno programowe TV\u015a od 16.03 do 30.04 !!!\t\t\t\t<\/h4>\n\t\t\t\t\t\t\t\t\t\t<\/a>\n\t\t\t\n\t\t\t\t\t\t\t<p class=\"text\" >Szanowni Pa\u0144stwo, Chc\u0105c umili\u0107 czas naszym abonentom, kt\u00f3rzy aktualnie musz\u0105 przebywa\u0107 w zaciszu domowym, we wsp\u00f3\u0142pracy z nadawcami, udost\u0119pnili\u015bmy pasma otwarte dla nast\u0119puj\u0105cych kana\u0142\u00f3w (dotyczy wszystkich abonent\u00f3w TV\u015a, bez wzgl\u0119du na posiadany pakiet) Pe\u0142na lista kana\u0142\u00f3w w pa\u015bmie odblokowanym: Planet+ HD, Domo+ HD, Kuchnia+ HD, MiniMini+ HD, teleTOON+ HD, Polsat Jim Jam, Top Kids HD, [&hellip;]<\/p>\n\t\t\t\t\t\t\t\t\t\t<a href=\"https:\/\/neter.pl\/index.php\/2020\/03\/19\/otwarte-okno-programowe-od-16-03-do-29-03\/\" class=\"more-button\" >Czytaj dalej <i><\/i><\/a>\n\t\t\t\t\t<\/div>\n\t\t<\/div>\t<\/div>\n\t\t<nav id=\"nav-below\" class=\"site-navigation paging-navigation\">\n\t\t<h2 class=\"assistive-text\">Post navigation<\/h2>\n\n\t\n\t\t<div class='pagination'><span aria-current=\"page\" class=\"page-numbers current\">1<\/span>\n<a class=\"page-numbers\" href=\"https:\/\/neter.pl\/index.php\/wp-json\/wp\/v2\/pages\/605\/page\/2\/\">2<\/a>\n<a class=\"page-numbers\" href=\"https:\/\/neter.pl\/index.php\/wp-json\/wp\/v2\/pages\/605\/page\/3\/\">3<\/a>\n<a class=\"next page-numbers\" href=\"https:\/\/neter.pl\/index.php\/wp-json\/wp\/v2\/pages\/605\/page\/2\/\">Nast\u0119pne &raquo;<\/a><\/div>\n\n\t\n\t<\/nav><!-- #nav-below -->\n\t\n<\/div><\/div><div id=\"pgc-605-2-1\"  class=\"panel-grid-cell\" ><div id=\"panel-605-2-1-0\" class=\"so-panel widget widget_text panel-first-child panel-last-child\" data-index=\"6\" ><h3 class=\"widget-title\">Kim jeste\u015bmy i co robimy.<\/h3>\t\t\t<div class=\"textwidget\"><p>IT-Networks Sp. z o.o. jest dostawc\u0105 us\u0142ug w nast\u0119puj\u0105cych obszarach:<br \/>\n- dost\u0119p do internetu<br \/>\n- telewizja<br \/>\n- us\u0142ugi hostingowe<br \/>\n- us\u0142ugi budowy sieci przewodowych i bezprzewodowych oraz ich administracja<br \/>\n- us\u0142ugi transmisji g\u0142osu VoIP<br \/>\nDzia\u0142amy na terenie Poznania i Wielkopolski ca\u0142y czas rozwijaj\u0105c w\u0142asn\u0105 sie\u0107 szkieletow\u0105.<br \/>\nAby sprosta\u0107 potrzebom naszych Klient\u00f3w nasz\u0105 ofert\u0119 wci\u0105\u017c poszerzamy o nowe us\u0142ugi i produkty, kt\u00f3re budujemy w oparciu o najnowsze technologie informatyczne i profesjonaln\u0105 wiedz\u0119 naszych specjalist\u00f3w.<br \/>\nM\u0142oda kadra stawia czo\u0142a co dzie\u0144 nowym wyzwaniom. Nasz\u0105 misj\u0105 jest stwarzanie oferty kompleksowej, szytej na miar\u0119, konkurencyjnej pod wzgl\u0119dem jako\u015bci, a zarazem przyst\u0119pnej cenowo. Dzi\u0119ki pasji, zaanga\u017cowaniu i motywacji ulepszamy nasze us\u0142ugi, rozwijamy si\u0119 i pokonujemy trudno\u015bci jakie napotykamy. Najcenniejsze dla nas jest zaufanie i zadowolenie naszych Klient\u00f3w, kt\u00f3re sprawiaj\u0105, \u017ce kontynuuj\u0105 oni wsp\u00f3\u0142prac\u0119 z nami i polecaj\u0105 nas swoim znajomym.<\/p>\n<\/div>\n\t\t<\/div><\/div><\/div><\/div>","protected":false},"excerpt":{"rendered":"<p>INTERNET Oferta Internetu Oferta TELEWIZJA Oferta Telewizji \u015awiat\u0142owodowej Oferta TELEWIZJA + INTERNET Pakiety Telewizja + Internet Oferta OFERTA DLA FIRM Specjalna oferta dla Firm Oferta Internet \u015awiat\u0142owodowy oraz Radiowy &#8211; Telewizja \u015awiat\u0142owodowa w Twoim zasi\u0119gu IT-Networks Sp. z o.o. oferuje dost\u0119p do internetu w technologii \u015awiat\u0142owodowej i Radiowej w wielu lokalizacjach w Poznaniu, Luboniu, Szamotu\u0142ach [&hellip;]<\/p>\n","protected":false},"author":1,"featured_media":0,"parent":0,"menu_order":0,"comment_status":"closed","ping_status":"closed","template":"home-panels.php","meta":[],"_links":{"self":[{"href":"https:\/\/neter.pl\/index.php\/wp-json\/wp\/v2\/pages\/605"}],"collection":[{"href":"https:\/\/neter.pl\/index.php\/wp-json\/wp\/v2\/pages"}],"about":[{"href":"https:\/\/neter.pl\/index.php\/wp-json\/wp\/v2\/types\/page"}],"author":[{"embeddable":true,"href":"https:\/\/neter.pl\/index.php\/wp-json\/wp\/v2\/users\/1"}],"replies":[{"embeddable":true,"href":"https:\/\/neter.pl\/index.php\/wp-json\/wp\/v2\/comments?post=605"}],"version-history":[{"count":31,"href":"https:\/\/neter.pl\/index.php\/wp-json\/wp\/v2\/pages\/605\/revisions"}],"predecessor-version":[{"id":999,"href":"https:\/\/neter.pl\/index.php\/wp-json\/wp\/v2\/pages\/605\/revisions\/999"}],"wp:attachment":[{"href":"https:\/\/neter.pl\/index.php\/wp-json\/wp\/v2\/media?parent=605"}],"curies":[{"name":"wp","href":"https:\/\/api.w.org\/{rel}","templated":true}]}}