{"id":633,"date":"2017-05-26T15:50:41","date_gmt":"2017-05-26T13:50:41","guid":{"rendered":"https:\/\/www.neter.pl\/?page_id=633"},"modified":"2017-05-26T16:04:40","modified_gmt":"2017-05-26T14:04:40","slug":"aktualnosci","status":"publish","type":"page","link":"https:\/\/neter.pl\/index.php\/aktualnosci\/","title":{"rendered":"Aktualno\u015bci"},"content":{"rendered":"<div id=\"pl-633\"  class=\"panel-layout\" ><div id=\"pg-633-0\"  class=\"panel-grid panel-no-style\" ><div id=\"pgc-633-0-0\"  class=\"panel-grid-cell\" >\n\t\t<div id=\"panel-633-0-0-0\" class=\"so-panel widget widget_recent-posts widget_recent_entries panel-first-child panel-last-child\" data-index=\"0\" >\n\t\t<h3 class=\"widget-title\">Ostatnie wpisy<\/h3>\n\t\t<ul>\n\t\t\t\t\t\t\t\t\t\t\t<li>\n\t\t\t\t\t<a href=\"https:\/\/neter.pl\/index.php\/2025\/11\/30\/zmiana-serwera-pocztowego\/\">Zmiana serwera pocztowego<\/a>\n\t\t\t\t\t\t\t\t\t<\/li>\n\t\t\t\t\t\t\t\t\t\t\t<li>\n\t\t\t\t\t<a href=\"https:\/\/neter.pl\/index.php\/2020\/06\/24\/nowa-promocja-telewizji-swiatlowodowej\/\">Nowa promocja Telewizji \u015awiat\u0142owodowej !!!<\/a>\n\t\t\t\t\t\t\t\t\t<\/li>\n\t\t\t\t\t\t\t\t\t\t\t<li>\n\t\t\t\t\t<a href=\"https:\/\/neter.pl\/index.php\/2020\/04\/30\/otwarte-okno-programowe-canaldokument-w-tvs-od-01-05-do-31-05\/\">Otwarte okno programowe CANAL+ DOKUMENT w TV\u015a od 01.05 do 31.05 !!!<\/a>\n\t\t\t\t\t\t\t\t\t<\/li>\n\t\t\t\t\t\t\t\t\t\t\t<li>\n\t\t\t\t\t<a href=\"https:\/\/neter.pl\/index.php\/2020\/03\/19\/otwarte-okno-programowe-od-16-03-do-29-03\/\">Otwarte okno programowe TV\u015a od 16.03 do 30.04 !!!<\/a>\n\t\t\t\t\t\t\t\t\t<\/li>\n\t\t\t\t\t\t\t\t\t\t\t<li>\n\t\t\t\t\t<a href=\"https:\/\/neter.pl\/index.php\/2019\/03\/01\/przeprowadzka\/\">Przeprowadzka<\/a>\n\t\t\t\t\t\t\t\t\t<\/li>\n\t\t\t\t\t<\/ul>\n\n\t\t<\/div><\/div><\/div><\/div>","protected":false},"excerpt":{"rendered":"<p>Ostatnie wpisy Zmiana serwera pocztowego Nowa promocja Telewizji \u015awiat\u0142owodowej !!! Otwarte okno programowe CANAL+ DOKUMENT w TV\u015a od 01.05 do 31.05 !!! Otwarte okno programowe TV\u015a od 16.03 do 30.04 !!! Przeprowadzka<\/p>\n","protected":false},"author":1,"featured_media":0,"parent":0,"menu_order":0,"comment_status":"closed","ping_status":"closed","template":"","meta":[],"_links":{"self":[{"href":"https:\/\/neter.pl\/index.php\/wp-json\/wp\/v2\/pages\/633"}],"collection":[{"href":"https:\/\/neter.pl\/index.php\/wp-json\/wp\/v2\/pages"}],"about":[{"href":"https:\/\/neter.pl\/index.php\/wp-json\/wp\/v2\/types\/page"}],"author":[{"embeddable":true,"href":"https:\/\/neter.pl\/index.php\/wp-json\/wp\/v2\/users\/1"}],"replies":[{"embeddable":true,"href":"https:\/\/neter.pl\/index.php\/wp-json\/wp\/v2\/comments?post=633"}],"version-history":[{"count":11,"href":"https:\/\/neter.pl\/index.php\/wp-json\/wp\/v2\/pages\/633\/revisions"}],"predecessor-version":[{"id":640,"href":"https:\/\/neter.pl\/index.php\/wp-json\/wp\/v2\/pages\/633\/revisions\/640"}],"wp:attachment":[{"href":"https:\/\/neter.pl\/index.php\/wp-json\/wp\/v2\/media?parent=633"}],"curies":[{"name":"wp","href":"https:\/\/api.w.org\/{rel}","templated":true}]}}